3 - 4*l**2 + 4*l + 1. Determine i(4).
17
Let c(l) = -l**2 + 9*l + 21. Calculate c(9).
21
Let x(z) = 7*z**3 - 2*z**2 + 2*z + 4. Calculate x(-2).
-64
Let s(v) = 6*v + 10. Determine s(-3).
-8
Let r(t) = -8*t + 6. Determine r(2).
-10
Let n(b) = -b**2 + 8*b + 7. Determine n(8).
7
Let r(v) = 3*v. Calculate r(-5).
-15
Let r(y) = -y**2 - 19*y - 10. Calculate r(-16).
38
Let g(r) = -2*r**2 + r - 1. Determine g(-2).
-11
Let f(o) = -11*o. What is f(1)?
-11
Let c(g) = -3*g + 4. Calculate c(3).
-5
Let g(r) = -r**2 - 15*r + 32. Calculate g(-15).
32
Let m(o) = -o**2 - 5*o - 3. What is m(-5)?
-3
Let y(p) = 5*p + 24. Determine y(-5).
-1
Let y(n) = 7*n**2 - 78*n - 79. Determine y(-1).
6
Let p(s) = -10*s**2 - 15*s - 14. Calculate p(-1).
-9
Let j(s) = s**3 - 36*s**2 + 126*s + 66. Give j(32).
2
Let h(k) = -k + 15. Give h(-19).
34
Let t(l) = -117*l - 2685. Calculate t(-23).
6
Let v(c) = c**3 + 6*c**2 + 6*c + 9. Determine v(-6).
-27
Let w(s) = s**2 - 17. Calculate w(0).
-17
Let g(a) = -9*a + 2. Give g(2).
-16
Let i(y) = -7*y - 55. What is i(-8)?
1
Let r(b) = -b**3 - 30*b**2 + 33*b + 66. What is r(-31)?
4
Let h(s) = -s + 6. Calculate h(-2).
8
Let u(s) = -s**2 - 13*s - 6. Determine u(-11).
16
Let p(m) = 2*m - 29. Give p(21).
13
Let t(i) = -6*i - 59. Determine t(-7).
-17
Let g(h) = h**3 - 6*h**2 + 2*h - 9. Calculate g(5).
-24
Let x(j) = -j**3 + 2*j**2 + 2*j - 1. What is x(2)?
3
Let g(a) = 32*a**2 - 1. What is g(1)?
31
Let i(n) = 2*n**2 + 4*n + 6. Give i(-2).
6
Let h(f) = 3*f - 22. Calculate h(9).
5
Let j(c) = 9*c - 13. Give j(-7).
-76
Let t(f) = 9*f - 12. Give t(6).
42
Let y(z) = z - 1. Determine y(3).
2
Let w(d) = -53*d + 87. Give w(3).
-72
Let x(d) = -6*d**3 - d**2 + 2*d - 4. What is x(2)?
-52
Let g(m) = -31*m**2 - 2*m + 1. Give g(1).
-32
Let j(g) = -6*g**3 - 2*g**2 + 3*g - 5. Calculate j(2).
-55
Let l(d) = -2*d**2 - 49*d + 7. Determine l(-25).
-18
Let k(x) = -x**3 + 10*x**2 - 3. Give k(10).
-3
Let o(s) = 7*s + 4. Give o(-2).
-10
Let s(w) = w**2 - 9*w + 8. Determine s(6).
-10
Let w(v) = -v**3 + 4*v**2 - 4*v - 4. Determine w(4).
-20
Let o(r) = r**2 - 10*r + 2. Calculate o(10).
2
Let a(y) = 2*y**2 - 18*y + 9. What is a(8)?
-7
Let t(x) = -4*x - 60. Give t(-9).
-24
Let a(f) = -f**3 - 7*f**2 - 4*f - 6. Calculate a(-7).
22
Let i(o) = o**3 - 2*o**2 - 7*o + 5. Give i(3).
-7
Let n(s) = 6*s + 8. Determine n(-5).
-22
Let z(f) = -3*f**2 + 14*f - 1. Determine z(5).
-6
Let y(t) = -26*t + 10. Give y(3).
-68
Let p(s) = s + 45. Determine p(-28).
17
Let z(o) = o**3 + 11*o**2 - 27*o - 16. Give z(-13).
-3
Let n(l) = -3*l**2 - 51*l - 6. Determine n(-17).
-6
Let p(l) = l**2 + l - 6. Determine p(-3).
0
Let y(p) = p**3 + 4*p**2 - 6*p - 5. Give y(-4).
19
Let p(m) = -5*m. Calculate p(-3).
15
Let x(c) = c**2 + c + 3. What is x(-4)?
15
Let n(i) = i**3 - 36*i**2 + 30*i + 164. What is n(35)?
-11
Let f(v) = v**3 - 15*v**2 + 56*v - 9. Determine f(7).
-9
Let m(h) = h**3 - 6*h**2 + 7*h - 7. Give m(5).
3
Let j(f) = -10*f - 10. Give j(-3).
20
Let c(z) = z**3 + 8*z**2 + 10*z + 5. Give c(-7).
-16
Let c(y) = -y**2 - 8*y - 10. Give c(-11).
-43
Let g(y) = y**2 + 10*y - 166. Calculate g(-19).
5
Let r(k) = -3*k - 54. Give r(-18).
0
Let r(y) = y**3 - y**2 - 5*y - 4. What is r(0)?
-4
Let i(v) = -v**3 - 10*v**2 - 14*v - 6. Give i(-8).
-22
Let k(b) = -b**3 - 5*b**2 + 4*b + 31. Determine k(-3).
1
Let w(h) = 5*h - 202. What is w(38)?
-12
Let o(l) = -5*l - 57. Determine o(-16).
23
Let g(p) = -p**3 + 21*p**2 - 91*p + 29. Give g(15).
14
Let a(f) = 2*f**2 - 10*f + 5. Calculate a(6).
17
Let i(h) = 6*h - 3. Determine i(7).
39
Let w(j) = -j - 1. Determine w(-1).
0
Let t(o) = 5*o - 12. Calculate t(6).
18
Let l(u) = -u**2 + 22*u - 111. What is l(8)?
1
Let k(y) = y**3 + 22*y**2 + 57*y - 7. Give k(-19).
-7
Let x(d) = -4*d**2 + 4*d + 7. Determine x(4).
-41
Let z(w) = -w**3 + 15*w**2 + 35*w + 70. What is z(17)?
87
Let f(w) = -w**2 + 9. What is f(-2)?
5
Let y(u) = -35*u - 213. Determine y(-6).
-3
Let r(s) = s + 15. Calculate r(-17).
-2
Let a(q) = 2*q**2 - 5*q + 5. Give a(2).
3
Let j(a) = 3*a - 3. Determine j(2).
3
Let t(g) = -5*g + 17. Determine t(-8).
57
Let x(d) = -2*d**2 + 25*d - 9. Determine x(12).
3
Let r(t) = 2*t**3 + 35*t**2 + 18*t + 5. Determine r(-17).
-12
Let d(w) = w**3 + 61*w**2 - 5*w - 311. What is d(-61)?
-6
Let m(p) = -p**2 + p. Determine m(3).
-6
Let w(x) = x**3 - 81*x - 2. Calculate w(-9).
-2
Let x(n) = -n**3 - 4*n**2 - 2*n + 1. What is x(-2)?
-3
Let d(k) = 3*k**3 - 2*k + 2. Determine d(-3).
-73
Let p(n) = 43*n + 84. Calculate p(-2).
-2
Let v(h) = -10*h**2 - 9*h. What is v(-3)?
-63
Let q(s) = -2*s**3 + 16*s**2 - 11*s + 5. Determine q(7).
26
Let w(c) = c**3 + 44*c**2 - 245*c + 10. Calculate w(-49).
10
Let s(h) = -2*h**2 + 24*h - 44. Determine s(10).
-4
Let f(q) = -6*q - 2. What is f(1)?
-8
Let g(b) = -b**3 - b**2 + b + 4. Determine g(0).
4
Let f(a) = 2*a - 8. Give f(4).
0
Let l(j) = -j**2 + 2*j + 19. What is l(-4)?
-5
Let d(s) = -6*s + 55. What is d(9)?
1
Let x(v) = 4*v**3 + v**2 - 4*v - 4. Give x(-2).
-24
Let i(r) = r**3 - 28*r**2 + 3*r - 86. Give i(28).
-2
Let u(t) = 19*t**2 + t + 1. Determine u(-1).
19
Let k(z) = 9*z**2 + 76*z - 52. Calculate k(-9).
-7
Let o(j) = -j**3 + 8*j**2 + 11*j - 12. Calculate o(9).
6
Let q(b) = -b**3 + 11*b**2 + 11. Give q(11).
11
Let s(l) = l**2 - 2*l - 3. What is s(5)?
12
Let y(j) = 2*j**3 + j**2 - 55. Determine y(0).
-55
Let d(b) = -b**2 + 22*b - 82. Give d(18).
-10
Let n(j) = j**3 + 2*j**2 - 6*j + 7. Give n(-4).
-1
Let x(u) = 13*u - 550. Calculate x(42).
-4
Let x(l) = 4*l - 16. What is x(2)?
-8
Let v(h) = -94*h**2 - h + 2. What is v(1)?
-93
Let u(z) = -z**2 + 12*z - 27. Give u(6).
9
Let y(a) = -13*a + 11. Determine y(1).
-2
Let k(a) = a**3 + a**2 - 5*a - 7. Calculate k(-2).
-1
Let q(x) = 2*x - 12. Calculate q(0).
-12
Let z(f) = -86*f + 4. Give z(1).
-82
Let u(i) = -2*i**3 + 135*i**2 - 194*i - 267. Calculate u(66).
-3
Let r(z) = -496*z + 6. Give r(0).
6
Let b(d) = d**2 - 5*d + 12. Calculate b(4).
8
Let t(a) = a**3 + 5*a**2 - 9*a - 9. Calculate t(-6).
9
Let j(m) = m**2 - 10*m + 20. Give j(7).
-1
Let a(u) = 22*u - 56. Calculate a(3).
10
Let k(z) = -23*z**3 - 2*z**2 - 4*z + 5. Give k(1).
-24
Let c(a) = -a**2 + a + 30. What is c(-6)?
-12
Let t(s) = -s - 32. What is t(0)?
-32
Let d(x) = 4*x**2 + 12*x - 12. Calculate d(-4).
4
Let l(q) = 5*q**3 + q**2 - 2. Calculate l(2).
42
Let x(g) = g**3 + 22*g**2 + 22*g + 31. Give x(-21).
10
Let q(j) = -j**2 - 23*j + 15. Give q(-24).
-9
Let a(w) = -w - 6. Calculate a(0).
-6
Let k(l) = -43*l**3 - 2*l + 2. Determine k(1).
-43
Let x(h) = -h**2 + 10*h + 7. Determine x(10).
7
Let q(t) = -t**3 - 27*t**2 + 59*t + 29. Determine q(-29).
0
Let p(i) = i**2 - 15*i - 28. Determine p(12).
-64
Let q(x) = x**2 + x - 10. Calculate q(3).
2
Let n(u) = u**3 + 32*u**2 + 33*u + 64. Calculate n(-31).
2
Let d(k) = -k**2 - k + 22. Give d(-7).
-20
Let t(g) = -g**2 + 26*g + 27. Calculate t(27).
0
Let k(m) = -4*m + 18. Determine k(5).
-2
Let m(l) = l**3 + 4*l**2 - 2*l + 9. Give m(0).
9
Let c(y) = -y - 17. What is c(-4)?
-13
Let g(u) = 35*u - 6. Determine g(2).
64
Let j(m) = -m**3 + 16*m**2 + 14*m - 8. Determine j(17).
-59
Let s(j) = -j**3 - 8*j**2 + 14*j + 3. Calculate s(-10).
63
Let r(v) = 15*v - 98. Give r(6).
-8
Let w(j) = 11*j - 18. Determine w(0).
-18
Let i(n) = -n**3 + n - 3. Determine i(3).
-27
Let q(a) = 29*a + 204. Give q(-7).
1
Let k(j) = -j**2 + 35*j - 329. What is k(17)?
-23
Let f(y) = -y**2 + 4*y + 5. Give f(5).
0
Let m(z) = z**3 + 8*z**2 - 4*z + 49. Determine m(-9).
4
Let z(y) = 6*y - 4. Determine z(-16).
-100
Let b(l) = 14*l - 68. What is b(5)?
2
Let r(q) = q**3 - 4*q**2 + q - 6. What is r(4)?
-2
Let g(q) = q**2 + 10*q + 18. Determine g(-5).
-7
Let n(t) = t**2 + t - 23. Calculate n(0).
-23
Let o(h) = 7*h. Determine o(7).
49
Let j(h) = -h**3 - 8*h**2 - 16*h - 12. Determine j(-5).
-7
Let i(j) = -j**3 - 11*j**2 - 10*j - 10. Calculate i(-10).
-10
Let d(g) = g**3 - 13*g**2 + 2*g - 32. Give d(13).
-6
Let j(i) = i**3 - 44*i**2 + i - 80. Determine j(44).
-36
Let a(b) = b**2 - 3*b + 2. Give a(4).
6
Let b(z) = -6*z - 16. Determine b(-4).
8
Let w(h) = 13*h + 673. Determine w(-52).
-3
Let l(v) = -6*v - 27. Calculate l(-10).
33
Let t(f) = f - 21. Give t(7).
-14
Let j(f) = -f**2 + 8*f + 16. Give j(11).
-17
Let y(t) = -t**2 + 6*t - 7. Determine y(7).
-14
Let n(b) = -34*b + 48